ose 11*x - q = -x. What is the tens digit of x?
3
Suppose -57 = -8*b + 11*b. Let i = -19 - b. Suppose 5*n - 3*n - 174 = i. What is the units digit of n?
7
Suppose 164*d - 26594 = 159*d - 3*c, 0 = -c - 2. What is the thousands digit of d?
5
Let r(i) = -60*i - 115. Suppose -4*n - 12 = -2*g - g, 5*g + 32 = -2*n. What is the tens digit of r(n)?
4
Let x = 16946 - 6114. What is the hundreds digit of x?
8
Suppose y = 4*p + 51659, 2*y + 5*p + 58683 = 161988. What is the hundreds digit of y?
6
Let z = 3209 + -2275. Let r = z + -483. What is the hundreds digit of r?
4
Let p = 514 - -67772. What is the ten thousands digit of p?
6
Let x(v) be the third derivative of -v**5/60 + v**4/8 + 4*v**3/3 - 9*v**2. Let d be x(4). What is the tens digit of (-563)/(-11) + d/(-22)?
5
Let x = -4593 + 8320. What is the units digit of x?
7
Suppose 420*g + 461448 = 428*g. What is the tens digit of g?
8
What is the ten thousands digit of 2181191/213 + (-15)/(-9)?
1
Let a(j) = -2932*j + 5804. What is the tens digit of a(-18)?
8
Let f(k) = 3*k**3 - 22*k**2 - 20*k - 82. What is the tens digit of f(21)?
7
Suppose 3*a - 24619 = -4*z, 17893 + 571 = 3*z + 2*a. What is the units digit of z?
4
Let o = 12936 + -7052. What is the units digit of o?
4
Let t be 6/(-3) + (-7)/(-1) - 1189. Let h = -945 - t. What is the hundreds digit of h?
2
Let s = -71899 - -111976. What is the hundreds digit of s?
0
Suppose -2*q + 4*h - 34 = 0, -4*q + 9*h = 12*h + 112. What is the hundreds digit of -1*(6 - -3)*q?
2
Let k = 52 + -49. Suppose 6*n - 3*n + w + 6 = 0, -k*w - 8 = -n. What is the hundreds digit of (1/(-2))/n*(3 + 245)?
1
Let w(u) = 521*u - 1792. What is the units digit of w(58)?
6
Suppose 0 = -3*w + 14547 - 4602. Suppose 25*r - 8*r = w. What is the units digit of r?
5
Let k(i) = -i + 30. Let b(r) = 1. Let x(l) = -14*b(l) + 2*k(l). Let n(h) = -5*h - 30. Let w be n(-6). What is the tens digit of x(w)?
4
Let x = -8 - -417. Let z = 814 - x. What is the hundreds digit of z?
4
Suppose -4*i = 2*s - s - 33, 3*i = 5*s + 19. Suppose i*v + 0*v = -808. What is the tens digit of v/2*-4*(-3 - -4)?
0
Let f be (-4)/22 + (-175)/(-55). Suppose 2*c - 900 = -3*y, -c + 457 = -5*y + f*y. What is the hundreds digit of c?
4
Suppose 107*x - 44161 - 16439 - 2744 = 0. What is the tens digit of x?
9
Let x(w) = -8*w - 27. Let a be x(-9). Let t = 99 - a. What is the tens digit of t?
5
Suppose 4*g = 5548 + 6372. What is the hundreds digit of g?
9
Suppose -8*g - 13*g = -2373. Suppose -120*t = -g*t - 5782. What is the units digit of t?
6
Suppose -2*f = 3*z - 9 + 7, -5*z = 5*f - 5. Suppose 2*c + 2*k - 400 = 782, 4*k + 4 = z. What is the hundreds digit of c?
5
Let z = -456 - -458. Suppose -j - y + 1918 = j, 1914 = z*j + 2*y. What is the units digit of j?
1
Let m be (-12)/(-18)*(-978)/(-4). Let u = -188 + 230. Let o = m - u. What is the tens digit of o?
2
Let q(s) be the second derivative of 119*s**3/3 + 5*s**2/2 + 7*s. What is the hundreds digit of q(1)?
2
Suppose 3*z - 4*z = -2*t - 85, -5*z - 5*t + 380 = 0. Let y = z + -18. What is the tens digit of y?
6
Let k be 4 + (-14)/(-2) + 2. Let g be 92/(-10) + k/65. Let z(s) = -12*s + 9. What is the tens digit of z(g)?
1
Let o = 193 - -15. Let c = o + -189. What is the tens digit of c?
1
Suppose -6*l + 27231 = 3*x - 3*l, x - 9067 = l. What is the thousands digit of x?
9
Let u(b) = 10*b**2 - 176*b - 72. What is the units digit of u(-20)?
8
Let b be (48/(-10) + 6)/(6/20). Suppose u + b*u - 3175 = 0. Suppose 5*s - y - u = y, 0 = -3*s + 2*y + 377. What is the hundreds digit of s?
1
Let s be (-1 + 1)/(-5) - 743. Let d = s + 1245. What is the hundreds digit of d?
5
Let j be (-27)/(-1)*(3 + -2 - 2). Let y = j - -54. Suppose 3*v = p + 116, -3*p + y = v - p. What is the tens digit of v?
3
Suppose -14*f - 84 = -10*f. Let u = 49 + f. Suppose -w = -u + 27. What is the units digit of w?
1
Let h(x) = -x**3 + 57*x**2 + 54*x + 283. What is the thousands digit of h(48)?
3
Let d(q) be the third derivative of -13*q**4/12 - 37*q**3/6 + 15*q**2. What is the tens digit of d(-21)?
0
Let q(j) = -j**2 - 6*j + 68. Let t be q(0). Suppose -3047 = 57*p - t*p. What is the hundreds digit of p?
2
Suppose 5*r - 27 = -2*y, 3*r = 3*y - 5*y + 21. Suppose -718 = -y*b + 362. Suppose 0 = -7*g + 11*g - b. What is the units digit of g?
5
Let a(g) = 5*g**2 + 34*g - 140. Let h(j) = 2*j**2 + 16*j - 69. Let z(r) = 6*a(r) - 13*h(r). What is the tens digit of z(14)?
8
Let r(i) = -56*i - 11. Let l(u) = -280*u - 55. Let n(v) = -2*l(v) + 11*r(v). What is the units digit of n(-6)?
5
Let p be (-16)/(-128) + (-46)/(-16). Suppose -n + 2613 - 228 = p*j, 2*n = 4*j - 3190. What is the units digit of j?
6
Let o(d) = -62*d - 31. Let n be o(-21). Let t be 4/(-5)*(1 - n). What is the units digit of t/14 + 4/(-7)?
2
Let s = 589 - 268. Let f be -7*(3 - s/(-7)). What is the tens digit of (f/8 + 3)/((-3)/12)?
5
Let j = -237 + 228. What is the units digit of j/6*(-15820)/30?
1
Suppose 0 = -12*u + 656823 + 174129. What is the thousands digit of u?
9
Suppose 26751 = 15*p - 35214. What is the units digit of ((-8)/(-6))/(18/p)?
6
Let w = 40 - 22. Suppose 0 = 2*n + 5*v + 1, -4*n - v + 43 = w. Suppose -2*c = -n*c + 580. What is the hundreds digit of c?
1
Let n(j) = 3699*j**2 - 47*j - 48. What is the thousands digit of n(-1)?
3
Let y(r) = -360*r. Let g be y(1). Let p = 2689 + -2914. Let d = p - g. What is the hundreds digit of d?
1
Let n = 109989 - 71762. What is the thousands digit of n?
8
Let x = 373 - 380. Let o(h) = 18 + 2*h - 4*h - 4*h + h + h**2. What is the hundreds digit of o(x)?
1
Let h = -102 - -103. Let j be (-3 - -6 - h) + 2 - 0. Suppose -a = -5*f + 3*a + 958, -3*f = j*a - 562. What is the units digit of f?
0
Suppose 2901 - 3559 = -9*x + 9962. What is the tens digit of x?
8
Suppose 45*t = 49*t - 64. Suppose -10*n - t = -11*n. What is the tens digit of n?
1
Let b(t) be the third derivative of t**5/60 - t**4/6 + 2*t**3/3 - t**2. Let w be b(2). Suppose i - 40 - 39 = w. What is the tens digit of i?
7
Let f = 105 + -103. What is the tens digit of (f + -3)*-614 - (2 - -1)?
1
Let x(v) = -v**2 - v + 1. Let u(r) = r**2 - 7*r - 468. Let o(p) = -u(p) - 2*x(p). What is the tens digit of o(0)?
6
What is the tens digit of (21/(-4))/(2 + (-3451)/1700)?
7
Let s(u) = 14*u - 9. Let c be s(0). Let j(m) = -50*m + 79. What is the tens digit of j(c)?
2
Suppose 0 = -7*f + 7319 - 1502. Let d = f + -463. What is the tens digit of d?
6
Suppose 11588 = 3*b - 10207. What is the thousands digit of b?
7
Suppose 3*f - 5*b - 41714 = 11408, f + 3*b - 17726 = 0. What is the units digit of f?
4
Let h(d) = 592*d + 17. Let o be h(5). Suppose 22*v - 1423 = o. What is the hundreds digit of v?
2
Let g(p) = 505*p**2 + 6*p. Let j(k) = 2*k**2 + 10*k - 9*k + 104*k**2 - 5*k**2. Let n(c) = -2*g(c) + 11*j(c). What is the hundreds digit of n(-1)?
1
Let y be 1/((3/(-14))/3). Let p(l) = -l**3 - 16*l**2 - 23*l - 56. Let s be p(-15). Let d = y + s. What is the tens digit of d?
5
Suppose -3*o - 3*i + 12 = 0, 9 = 5*o + i + 1. Let s(t) = 128*t - 4. What is the hundreds digit of s(o)?
1
Let d be (3/(-2))/(-1)*(-7520)/(-48). Suppose -z + 792 = d. What is the hundreds digit of z?
5
Suppose -3*j - 22869 = -4*i + 10729, -2*i + 16804 = -4*j. Suppose 0 = 12*n + n - i. What is the hundreds digit of n?
6
Let z(o) = -o**2 + 22*o - 8. Let v(h) = -2*h + 15. Let d be (-6)/(0 + 2) - (5 - 8). Let t be v(d). What is the tens digit of z(t)?
9
Suppose 0 = -a + 5*v + 31224, 84*a = 83*a + 2*v + 31200. What is the thousands digit of a?
1
Let k(b) = -b - 1. Let q(s) = -10*s + 15. Let n(f) = 4*k(f) - 2*q(f). What is the units digit of n(14)?
0
Suppose -10*k + 10503 = -39107. What is the hundreds digit of k?
9
Let z = 8024 + -3314. What is the thousands digit of z?
4
Let b(l) = 7*l**2 + 12*l + 25. Let m be b(9). Suppose -3*n - 3*i = 15, 2*n - n + 2*i + 6 = 0. What is the tens digit of (-2)/n - 3/((-24)/m)?
8
Let s = -993 - -181. Let d = s + 558. Let h = d + 455. What is the tens digit of h?
0
Let l(y) = 4*y**2 - 97*y + 52. What is the hundreds digit of l(-26)?
2
Suppose 10 = -2*c - 3*t + 28, t = c + 1. Let n be (-30)/40 - (-583)/4. Suppose o = 5*o - q - 265, 2*o - c*q - n = 0. What is the units digit of o?
5
What is the tens digit of 8 - (-86)/1*(-10008)/(-144)?
8
Let d(o) = 9*o**2 + 103. What is the units digit of d(